{"id":31,"date":"2025-12-13T13:59:10","date_gmt":"2025-12-13T13:59:10","guid":{"rendered":"https:\/\/www.pajugaming.fi\/?page_id=31"},"modified":"2025-12-14T14:05:11","modified_gmt":"2025-12-14T14:05:11","slug":"paju-gaming-joukkueen-klipautuksia","status":"publish","type":"page","link":"https:\/\/www.pajugaming.fi\/index.php\/paju-gaming-joukkueen-klipautuksia\/","title":{"rendered":"Paju Gaming joukkueen klipautuksia"},"content":{"rendered":"\n<figure class=\"wp-block-gallery alignwide has-nested-images columns-default is-cropped wp-block-gallery-1 is-layout-flex wp-block-gallery-is-layout-flex\">\n<figure class=\"wp-block-image size-large has-custom-border\" style=\"margin-top:var(--wp--preset--spacing--20);margin-right:0;margin-bottom:var(--wp--preset--spacing--20);margin-left:0\"><img loading=\"lazy\" decoding=\"async\" width=\"1024\" height=\"576\" data-id=\"36\" src=\"https:\/\/www.pajugaming.fi\/wp-content\/uploads\/2025\/12\/rappusetpidos-1024x576.jpg\" alt=\"Stairs under lock and key\" class=\"wp-image-36\" style=\"border-style:none;border-width:0px;border-top-left-radius:30px;border-top-right-radius:30px;border-bottom-left-radius:30px;border-bottom-right-radius:30px\" srcset=\"https:\/\/www.pajugaming.fi\/wp-content\/uploads\/2025\/12\/rappusetpidos-1024x576.jpg 1024w, https:\/\/www.pajugaming.fi\/wp-content\/uploads\/2025\/12\/rappusetpidos-300x169.jpg 300w, https:\/\/www.pajugaming.fi\/wp-content\/uploads\/2025\/12\/rappusetpidos-768x432.jpg 768w, https:\/\/www.pajugaming.fi\/wp-content\/uploads\/2025\/12\/rappusetpidos-1536x864.jpg 1536w, https:\/\/www.pajugaming.fi\/wp-content\/uploads\/2025\/12\/rappusetpidos.jpg 1920w\" sizes=\"auto, (max-width: 1024px) 100vw, 1024px\" \/><figcaption class=\"wp-element-caption\"><strong>Stairs under lock and key<\/strong><\/figcaption><\/figure>\n\n\n\n<figure class=\"wp-block-image size-full is-resized has-custom-border\"><img loading=\"lazy\" decoding=\"async\" width=\"480\" height=\"270\" data-id=\"35\" src=\"https:\/\/www.pajugaming.fi\/wp-content\/uploads\/2025\/12\/mizzuklippi.gif\" alt=\"Mizzun ak klippi inffis\" class=\"wp-image-35\" style=\"border-top-left-radius:30px;border-top-right-radius:30px;border-bottom-left-radius:30px;border-bottom-right-radius:30px;width:645px;height:auto\"\/><figcaption class=\"wp-element-caption\"><strong>Mizzun AK klippi<\/strong><\/figcaption><\/figure>\n<\/figure>\n\n\n\n<figure class=\"wp-block-gallery alignwide has-nested-images columns-default is-cropped wp-block-gallery-2 is-layout-flex wp-block-gallery-is-layout-flex\">\n<figure class=\"wp-block-image size-large has-custom-border is-style-default\"><img loading=\"lazy\" decoding=\"async\" width=\"600\" height=\"338\" data-id=\"26\" src=\"https:\/\/www.pajugaming.fi\/wp-content\/uploads\/2025\/12\/MiksuTuhoo.gif\" alt=\"Mizzun dessukli\" class=\"wp-image-26\" style=\"border-top-left-radius:30px;border-top-right-radius:30px;border-bottom-left-radius:30px;border-bottom-right-radius:30px\"\/><figcaption class=\"wp-element-caption\"><strong>Mizzun dessuklippi<\/strong><\/figcaption><\/figure>\n\n\n\n<figure class=\"wp-block-image size-full is-resized has-custom-border\"><img loading=\"lazy\" decoding=\"async\" width=\"400\" height=\"225\" data-id=\"76\" src=\"https:\/\/www.pajugaming.fi\/wp-content\/uploads\/2025\/12\/Mizzun-ak-klippi-nukessa-1.gif\" alt=\"\" class=\"wp-image-76\" style=\"border-top-left-radius:30px;border-top-right-radius:30px;border-bottom-left-radius:30px;border-bottom-right-radius:30px;width:645px;height:auto\"\/><figcaption class=\"wp-element-caption\">Mizzun AK klippi nukessa<\/figcaption><\/figure>\n<\/figure>\n\n\n\n<figure class=\"wp-block-gallery alignwide has-nested-images columns-default is-cropped wp-block-gallery-3 is-layout-flex wp-block-gallery-is-layout-flex\">\n<figure class=\"wp-block-image size-large is-resized has-custom-border is-style-default\" style=\"margin-top:0;margin-right:0;margin-bottom:0;margin-left:0\"><img loading=\"lazy\" decoding=\"async\" width=\"450\" height=\"253\" data-id=\"87\" src=\"https:\/\/www.pajugaming.fi\/wp-content\/uploads\/2025\/12\/Mizzundessuklippimirres-1.gif\" alt=\"\" class=\"wp-image-87\" style=\"border-style:none;border-width:0px;border-top-left-radius:30px;border-top-right-radius:30px;border-bottom-left-radius:30px;border-bottom-right-radius:30px;width:645px;height:auto\"\/><figcaption class=\"wp-element-caption\"><strong>Mizzun toinen dessuklippi mirres<\/strong><\/figcaption><\/figure>\n\n\n\n<figure class=\"wp-block-image size-large has-custom-border\" style=\"margin-top:0;margin-bottom:0\"><img loading=\"lazy\" decoding=\"async\" width=\"400\" height=\"225\" data-id=\"103\" src=\"https:\/\/www.pajugaming.fi\/wp-content\/uploads\/2025\/12\/hegejasamsam.gif\" alt=\"\" class=\"wp-image-103\" style=\"border-top-left-radius:30px;border-top-right-radius:30px;border-bottom-left-radius:30px;border-bottom-right-radius:30px\"\/><figcaption class=\"wp-element-caption\"><strong>Houkuttelija ja Hege bossijumalat<\/strong><\/figcaption><\/figure>\n<\/figure>\n\n\n\n<div class=\"wp-block-group alignwide is-horizontal is-content-justification-left is-nowrap is-layout-flex wp-container-core-group-is-layout-6f7707c3 wp-block-group-is-layout-flex\" style=\"border-style:none;border-width:0px;border-top-left-radius:0px;border-top-right-radius:0px;border-bottom-left-radius:0px;border-bottom-right-radius:0px;min-height:0px;margin-top:0;margin-bottom:0;padding-top:0;padding-right:0;padding-bottom:0;padding-left:0\">\n<figure class=\"wp-block-video aligncenter wp-container-content-9cfa9a5a\"><video height=\"720\" style=\"aspect-ratio: 1280 \/ 720;\" width=\"1280\" controls src=\"https:\/\/www.pajugaming.fi\/wp-content\/uploads\/2025\/12\/lennybklippi-8.mp4\"><\/video><figcaption class=\"wp-element-caption\"><strong>Lennyb n\u00e4ytt\u00e4\u00e4 rassitaitojansa<\/strong><\/figcaption><\/figure>\n\n\n\n<figure class=\"wp-block-video aligncenter\"><video height=\"1080\" style=\"aspect-ratio: 1920 \/ 1080;\" width=\"1920\" controls src=\"https:\/\/www.pajugaming.fi\/wp-content\/uploads\/2025\/12\/satowi.mp4\"><\/video><figcaption class=\"wp-element-caption\"><strong>SatowiSatowi spray<\/strong><\/figcaption><\/figure>\n<\/div>\n\n\n\n<div class=\"wp-block-group alignwide is-nowrap is-layout-flex wp-container-core-group-is-layout-6c531013 wp-block-group-is-layout-flex\">\n<figure class=\"wp-block-video alignwide\"><video height=\"1080\" style=\"aspect-ratio: 1920 \/ 1080;\" width=\"1920\" controls src=\"https:\/\/www.pajugaming.fi\/wp-content\/uploads\/2025\/12\/MissaMaOon.mp4\"><\/video><figcaption class=\"wp-element-caption\"><strong>Houkuttelija houkutteli itsens\u00e4 hukkaan<\/strong><\/figcaption><\/figure>\n\n\n\n<figure class=\"wp-block-video\"><video height=\"1080\" style=\"aspect-ratio: 1920 \/ 1080;\" width=\"1920\" controls src=\"https:\/\/www.pajugaming.fi\/wp-content\/uploads\/2025\/12\/MiksunCZKlippi.mp4\"><\/video><figcaption class=\"wp-element-caption\">Mizzulla ei CZ oo lempipyssy<\/figcaption><\/figure>\n<\/div>\n\n\n\n<div class=\"wp-block-group alignwide is-nowrap is-layout-flex wp-container-core-group-is-layout-6c531013 wp-block-group-is-layout-flex\">\n<figure class=\"wp-block-video alignwide\" style=\"padding-top:0;padding-right:0;padding-bottom:0;padding-left:0\"><video height=\"480\" style=\"aspect-ratio: 720 \/ 480;\" width=\"720\" controls src=\"https:\/\/www.pajugaming.fi\/wp-content\/uploads\/2025\/12\/HeFdUpLowRes.mp4\"><\/video><figcaption class=\"wp-element-caption\"><strong>SatowiSatowilla on heaven pidos btw<\/strong><\/figcaption><\/figure>\n\n\n\n<figure class=\"wp-block-video\"><video height=\"506\" style=\"aspect-ratio: 900 \/ 506;\" width=\"900\" controls src=\"https:\/\/www.pajugaming.fi\/wp-content\/uploads\/2025\/12\/PAJU-Gaming-sisallissota.mp4\"><\/video><figcaption class=\"wp-element-caption\"><strong>Othel vihaa omia<\/strong><\/figcaption><\/figure>\n<\/div>\n\n\n\n<p><\/p>\n","protected":false},"excerpt":{"rendered":"","protected":false},"author":1,"featured_media":0,"parent":0,"menu_order":0,"comment_status":"closed","ping_status":"closed","template":"","meta":{"_uag_custom_page_level_css":"","footnotes":""},"class_list":["post-31","page","type-page","status-publish","hentry"],"yoast_head":"<!-- This site is optimized with the Yoast SEO plugin v26.5 - https:\/\/yoast.com\/wordpress\/plugins\/seo\/ -->\n<title>Paju Gaming joukkueen klipautuksia - Pajugaming<\/title>\n<meta name=\"robots\" content=\"index, follow, max-snippet:-1, max-image-preview:large, max-video-preview:-1\" \/>\n<link rel=\"canonical\" href=\"https:\/\/www.pajugaming.fi\/index.php\/paju-gaming-joukkueen-klipautuksia\/\" \/>\n<meta property=\"og:locale\" content=\"fi_FI\" \/>\n<meta property=\"og:type\" content=\"article\" \/>\n<meta property=\"og:title\" content=\"Paju Gaming joukkueen klipautuksia - Pajugaming\" \/>\n<meta property=\"og:url\" content=\"https:\/\/www.pajugaming.fi\/index.php\/paju-gaming-joukkueen-klipautuksia\/\" \/>\n<meta property=\"og:site_name\" content=\"Pajugaming\" \/>\n<meta property=\"article:modified_time\" content=\"2025-12-14T14:05:11+00:00\" \/>\n<meta property=\"og:image\" content=\"https:\/\/www.pajugaming.fi\/wp-content\/uploads\/2025\/12\/rappusetpidos.jpg\" \/>\n\t<meta property=\"og:image:width\" content=\"1920\" \/>\n\t<meta property=\"og:image:height\" content=\"1080\" \/>\n\t<meta property=\"og:image:type\" content=\"image\/jpeg\" \/>\n<meta name=\"twitter:card\" content=\"summary_large_image\" \/>\n<meta name=\"twitter:label1\" content=\"Arvioitu lukuaika\" \/>\n\t<meta name=\"twitter:data1\" content=\"2 minuuttia\" \/>\n<script type=\"application\/ld+json\" class=\"yoast-schema-graph\">{\"@context\":\"https:\/\/schema.org\",\"@graph\":[{\"@type\":\"WebPage\",\"@id\":\"https:\/\/www.pajugaming.fi\/index.php\/paju-gaming-joukkueen-klipautuksia\/\",\"url\":\"https:\/\/www.pajugaming.fi\/index.php\/paju-gaming-joukkueen-klipautuksia\/\",\"name\":\"Paju Gaming joukkueen klipautuksia - Pajugaming\",\"isPartOf\":{\"@id\":\"https:\/\/www.pajugaming.fi\/#website\"},\"primaryImageOfPage\":{\"@id\":\"https:\/\/www.pajugaming.fi\/index.php\/paju-gaming-joukkueen-klipautuksia\/#primaryimage\"},\"image\":{\"@id\":\"https:\/\/www.pajugaming.fi\/index.php\/paju-gaming-joukkueen-klipautuksia\/#primaryimage\"},\"thumbnailUrl\":\"https:\/\/www.pajugaming.fi\/wp-content\/uploads\/2025\/12\/rappusetpidos-1024x576.jpg\",\"datePublished\":\"2025-12-13T13:59:10+00:00\",\"dateModified\":\"2025-12-14T14:05:11+00:00\",\"breadcrumb\":{\"@id\":\"https:\/\/www.pajugaming.fi\/index.php\/paju-gaming-joukkueen-klipautuksia\/#breadcrumb\"},\"inLanguage\":\"fi\",\"potentialAction\":[{\"@type\":\"ReadAction\",\"target\":[\"https:\/\/www.pajugaming.fi\/index.php\/paju-gaming-joukkueen-klipautuksia\/\"]}]},{\"@type\":\"ImageObject\",\"inLanguage\":\"fi\",\"@id\":\"https:\/\/www.pajugaming.fi\/index.php\/paju-gaming-joukkueen-klipautuksia\/#primaryimage\",\"url\":\"https:\/\/www.pajugaming.fi\/wp-content\/uploads\/2025\/12\/rappusetpidos.jpg\",\"contentUrl\":\"https:\/\/www.pajugaming.fi\/wp-content\/uploads\/2025\/12\/rappusetpidos.jpg\",\"width\":1920,\"height\":1080,\"caption\":\"Stairs under lock and key\"},{\"@type\":\"BreadcrumbList\",\"@id\":\"https:\/\/www.pajugaming.fi\/index.php\/paju-gaming-joukkueen-klipautuksia\/#breadcrumb\",\"itemListElement\":[{\"@type\":\"ListItem\",\"position\":1,\"name\":\"Etusivu\",\"item\":\"https:\/\/www.pajugaming.fi\/\"},{\"@type\":\"ListItem\",\"position\":2,\"name\":\"Paju Gaming joukkueen klipautuksia\"}]},{\"@type\":\"WebSite\",\"@id\":\"https:\/\/www.pajugaming.fi\/#website\",\"url\":\"https:\/\/www.pajugaming.fi\/\",\"name\":\"Pajugaming\",\"description\":\"\",\"potentialAction\":[{\"@type\":\"SearchAction\",\"target\":{\"@type\":\"EntryPoint\",\"urlTemplate\":\"https:\/\/www.pajugaming.fi\/?s={search_term_string}\"},\"query-input\":{\"@type\":\"PropertyValueSpecification\",\"valueRequired\":true,\"valueName\":\"search_term_string\"}}],\"inLanguage\":\"fi\"}]}<\/script>\n<!-- \/ Yoast SEO plugin. -->","yoast_head_json":{"title":"Paju Gaming joukkueen klipautuksia - Pajugaming","robots":{"index":"index","follow":"follow","max-snippet":"max-snippet:-1","max-image-preview":"max-image-preview:large","max-video-preview":"max-video-preview:-1"},"canonical":"https:\/\/www.pajugaming.fi\/index.php\/paju-gaming-joukkueen-klipautuksia\/","og_locale":"fi_FI","og_type":"article","og_title":"Paju Gaming joukkueen klipautuksia - Pajugaming","og_url":"https:\/\/www.pajugaming.fi\/index.php\/paju-gaming-joukkueen-klipautuksia\/","og_site_name":"Pajugaming","article_modified_time":"2025-12-14T14:05:11+00:00","og_image":[{"width":1920,"height":1080,"url":"https:\/\/www.pajugaming.fi\/wp-content\/uploads\/2025\/12\/rappusetpidos.jpg","type":"image\/jpeg"}],"twitter_card":"summary_large_image","twitter_misc":{"Arvioitu lukuaika":"2 minuuttia"},"schema":{"@context":"https:\/\/schema.org","@graph":[{"@type":"WebPage","@id":"https:\/\/www.pajugaming.fi\/index.php\/paju-gaming-joukkueen-klipautuksia\/","url":"https:\/\/www.pajugaming.fi\/index.php\/paju-gaming-joukkueen-klipautuksia\/","name":"Paju Gaming joukkueen klipautuksia - Pajugaming","isPartOf":{"@id":"https:\/\/www.pajugaming.fi\/#website"},"primaryImageOfPage":{"@id":"https:\/\/www.pajugaming.fi\/index.php\/paju-gaming-joukkueen-klipautuksia\/#primaryimage"},"image":{"@id":"https:\/\/www.pajugaming.fi\/index.php\/paju-gaming-joukkueen-klipautuksia\/#primaryimage"},"thumbnailUrl":"https:\/\/www.pajugaming.fi\/wp-content\/uploads\/2025\/12\/rappusetpidos-1024x576.jpg","datePublished":"2025-12-13T13:59:10+00:00","dateModified":"2025-12-14T14:05:11+00:00","breadcrumb":{"@id":"https:\/\/www.pajugaming.fi\/index.php\/paju-gaming-joukkueen-klipautuksia\/#breadcrumb"},"inLanguage":"fi","potentialAction":[{"@type":"ReadAction","target":["https:\/\/www.pajugaming.fi\/index.php\/paju-gaming-joukkueen-klipautuksia\/"]}]},{"@type":"ImageObject","inLanguage":"fi","@id":"https:\/\/www.pajugaming.fi\/index.php\/paju-gaming-joukkueen-klipautuksia\/#primaryimage","url":"https:\/\/www.pajugaming.fi\/wp-content\/uploads\/2025\/12\/rappusetpidos.jpg","contentUrl":"https:\/\/www.pajugaming.fi\/wp-content\/uploads\/2025\/12\/rappusetpidos.jpg","width":1920,"height":1080,"caption":"Stairs under lock and key"},{"@type":"BreadcrumbList","@id":"https:\/\/www.pajugaming.fi\/index.php\/paju-gaming-joukkueen-klipautuksia\/#breadcrumb","itemListElement":[{"@type":"ListItem","position":1,"name":"Etusivu","item":"https:\/\/www.pajugaming.fi\/"},{"@type":"ListItem","position":2,"name":"Paju Gaming joukkueen klipautuksia"}]},{"@type":"WebSite","@id":"https:\/\/www.pajugaming.fi\/#website","url":"https:\/\/www.pajugaming.fi\/","name":"Pajugaming","description":"","potentialAction":[{"@type":"SearchAction","target":{"@type":"EntryPoint","urlTemplate":"https:\/\/www.pajugaming.fi\/?s={search_term_string}"},"query-input":{"@type":"PropertyValueSpecification","valueRequired":true,"valueName":"search_term_string"}}],"inLanguage":"fi"}]}},"uagb_featured_image_src":{"full":false,"thumbnail":false,"medium":false,"medium_large":false,"large":false,"1536x1536":false,"2048x2048":false},"uagb_author_info":{"display_name":"admin","author_link":"https:\/\/www.pajugaming.fi\/index.php\/author\/naystyx\/"},"uagb_comment_info":0,"uagb_excerpt":null,"_links":{"self":[{"href":"https:\/\/www.pajugaming.fi\/index.php\/wp-json\/wp\/v2\/pages\/31","targetHints":{"allow":["GET"]}}],"collection":[{"href":"https:\/\/www.pajugaming.fi\/index.php\/wp-json\/wp\/v2\/pages"}],"about":[{"href":"https:\/\/www.pajugaming.fi\/index.php\/wp-json\/wp\/v2\/types\/page"}],"author":[{"embeddable":true,"href":"https:\/\/www.pajugaming.fi\/index.php\/wp-json\/wp\/v2\/users\/1"}],"replies":[{"embeddable":true,"href":"https:\/\/www.pajugaming.fi\/index.php\/wp-json\/wp\/v2\/comments?post=31"}],"version-history":[{"count":22,"href":"https:\/\/www.pajugaming.fi\/index.php\/wp-json\/wp\/v2\/pages\/31\/revisions"}],"predecessor-version":[{"id":108,"href":"https:\/\/www.pajugaming.fi\/index.php\/wp-json\/wp\/v2\/pages\/31\/revisions\/108"}],"wp:attachment":[{"href":"https:\/\/www.pajugaming.fi\/index.php\/wp-json\/wp\/v2\/media?parent=31"}],"curies":[{"name":"wp","href":"https:\/\/api.w.org\/{rel}","templated":true}]}}